{"id":9,"date":"2026-01-30T04:55:31","date_gmt":"2026-01-30T04:55:31","guid":{"rendered":"https:\/\/devskillcenter.net\/?page_id=9"},"modified":"2026-01-30T05:00:32","modified_gmt":"2026-01-30T05:00:32","slug":"trang-chu","status":"publish","type":"page","link":"https:\/\/devskillcenter.net\/","title":{"rendered":"Trang ch\u1ee7"},"content":{"rendered":"\n<!-- Trang ch\u1ee7 devskillcenter.net -->\n<div class=\"devskillcenter-home\">\n  <nav class=\"navbar\">\n    <div class=\"logo\">DevSkillCenter<span>.net<\/span><\/div>\n    <ul class=\"nav-links\">\n      <li><a href=\"#\">Kh\u00f3a h\u1ecdc<\/a><\/li\n      <li><a href=\"#\">Li\u00ean h\u1ec7<\/a><\/li>\n    <\/ul>\n  <\/nav>\n  <section class=\"hero\">\n    <h1>Ch\u00e0o m\u1eebng \u0111\u1ebfn v\u1edbi DevSkillCenter.net<\/h1>\n    <p>N\u00e2ng cao k\u1ef9 n\u0103ng l\u1eadp tr\u00ecnh, ph\u00e1t tri\u1ec3n s\u1ef1 nghi\u1ec7p IT c\u00f9ng ch\u00fang t\u00f4i!<\/p>\n    <a href=\"#\" class=\"cta-btn\">Kh\u00e1m ph\u00e1 kh\u00f3a h\u1ecdc<\/a>\n  <\/section>\n  <section class=\"features\">\n    <div class=\"feature\">\n      <h2>Kh\u00f3a h\u1ecdc \u0111a d\u1ea1ng<\/h2>\n      <p>H\u1ecdc l\u1eadp tr\u00ecnh t\u1eeb c\u01a1 b\u1ea3n \u0111\u1ebfn n\u00e2ng cao v\u1edbi nhi\u1ec1u ng\u00f4n ng\u1eef v\u00e0 c\u00f4ng ngh\u1ec7 m\u1edbi nh\u1ea5t.<\/p>\n    <\/div>\n    <div class=\"feature\">\n      <h2>H\u1ed7 tr\u1ee3 t\u1eadn t\u00e2m<\/h2>\n      <p>\u0110\u1ed9i ng\u0169 mentor gi\u00e0u kinh nghi\u1ec7m lu\u00f4n s\u1eb5n s\u00e0ng h\u1ed7 tr\u1ee3 b\u1ea1n trong qu\u00e1 tr\u00ecnh h\u1ecdc t\u1eadp.<\/p>\n    <\/div>\n    <div class=\"feature\">\n      <h2>C\u1ed9ng \u0111\u1ed3ng n\u0103ng \u0111\u1ed9ng<\/h2>\n      <p>K\u1ebft n\u1ed1i, chia s\u1ebb v\u00e0 h\u1ecdc h\u1ecfi c\u00f9ng c\u1ed9ng \u0111\u1ed3ng l\u1eadp tr\u00ecnh vi\u00ean tr\u1ebb trung, s\u00e1ng t\u1ea1o.<\/p>\n    <\/div>\n  <\/section>\n<\/div>\n<link rel=\"stylesheet\" href=\"style.css\">\n","protected":false},"excerpt":{"rendered":"<p>DevSkillCenter.net Kh\u00f3a h\u1ecdc<\/p>\n","protected":false},"author":1,"featured_media":0,"parent":0,"menu_order":0,"comment_status":"closed","ping_status":"closed","template":"","meta":{"footnotes":""},"class_list":["post-9","page","type-page","status-publish","hentry"],"_links":{"self":[{"href":"https:\/\/devskillcenter.net\/index.php\/wp-json\/wp\/v2\/pages\/9","targetHints":{"allow":["GET"]}}],"collection":[{"href":"https:\/\/devskillcenter.net\/index.php\/wp-json\/wp\/v2\/pages"}],"about":[{"href":"https:\/\/devskillcenter.net\/index.php\/wp-json\/wp\/v2\/types\/page"}],"author":[{"embeddable":true,"href":"https:\/\/devskillcenter.net\/index.php\/wp-json\/wp\/v2\/users\/1"}],"replies":[{"embeddable":true,"href":"https:\/\/devskillcenter.net\/index.php\/wp-json\/wp\/v2\/comments?post=9"}],"version-history":[{"count":2,"href":"https:\/\/devskillcenter.net\/index.php\/wp-json\/wp\/v2\/pages\/9\/revisions"}],"predecessor-version":[{"id":25,"href":"https:\/\/devskillcenter.net\/index.php\/wp-json\/wp\/v2\/pages\/9\/revisions\/25"}],"wp:attachment":[{"href":"https:\/\/devskillcenter.net\/index.php\/wp-json\/wp\/v2\/media?parent=9"}],"curies":[{"name":"wp","href":"https:\/\/api.w.org\/{rel}","templated":true}]}}